{"id":9481,"date":"2018-04-11T20:24:43","date_gmt":"2018-04-11T23:24:43","guid":{"rendered":"http:\/\/proclass.com.br\/home\/?page_id=9481"},"modified":"2021-06-18T17:22:59","modified_gmt":"2021-06-18T20:22:59","slug":"logic-pro","status":"publish","type":"page","link":"https:\/\/proclass.com.br\/home\/cursos\/logic-pro\/","title":{"rendered":"Treinamento em Logic Pro X"},"content":{"rendered":"<div id=\"pl-9481\"  class=\"panel-layout\" ><div id=\"pg-9481-0\"  class=\"panel-grid panel-has-style\" ><div class=\"siteorigin-panels-stretch panel-row-style panel-row-style-for-9481-0\" data-stretch-type=\"full-stretched\" ><div id=\"pgc-9481-0-0\"  class=\"panel-grid-cell\" ><div id=\"panel-9481-0-0-0\" class=\"so-panel widget widget_sow-hero panel-first-child panel-last-child\" data-index=\"0\" ><div\n\t\t\t\n\t\t\tclass=\"so-widget-sow-hero so-widget-sow-hero-default-09a9c2aa85c6-9481 so-widget-fittext-wrapper\"\n\t\t\t data-fit-text-compressor=\"0.85\"\n\t\t>\t\t\t\t<div class=\"sow-slider-base\" style=\"display: none\" tabindex=\"0\">\n\t\t\t\t\t<ul\n\t\t\t\t\tclass=\"sow-slider-images\"\n\t\t\t\t\tdata-settings=\"{&quot;pagination&quot;:true,&quot;speed&quot;:800,&quot;timeout&quot;:8000,&quot;paused&quot;:false,&quot;pause_on_hover&quot;:false,&quot;swipe&quot;:true,&quot;nav_always_show_desktop&quot;:&quot;&quot;,&quot;nav_always_show_mobile&quot;:&quot;&quot;,&quot;breakpoint&quot;:&quot;780px&quot;,&quot;unmute&quot;:false,&quot;anchor&quot;:null}\"\n\t\t\t\t\t\t\t\t\t\tdata-anchor-id=\"\"\n\t\t\t\t>\t\t<li class=\"sow-slider-image  sow-slider-image-cover\" style=\"visibility: visible;;background-color: #333333\" >\n\t\t\t\t\t<div class=\"sow-slider-image-container\">\n\t\t\t<div class=\"sow-slider-image-wrapper\">\n\t\t\t\t<h1 style=\"text-align: center\">\u00a0<\/h1>\n<h1 style=\"text-align: center\">Logic Pro X<\/h1>\n<p style=\"text-align: center\">A produ\u00e7\u00e3o musical f\u00e1cil, poderosa e com a cara da Apple - para Mac<\/p>\n<p style=\"text-align: center\">\u00a0<\/p>\n\t\t\t<\/div>\n\t\t<\/div>\n\t\t<div class=\"sow-slider-image-overlay sow-slider-image-cover\" style=\"opacity: 0.41;background-image: url(https:\/\/proclass.com.br\/home\/wp-content\/uploads\/2012\/08\/maxresdefault-2.jpg)\"  ><\/div>\t\t<\/li>\n\t\t<\/ul>\t\t\t\t<ol class=\"sow-slider-pagination\">\n\t\t\t\t\t\t\t\t\t\t\t<li><a href=\"#\" data-goto=\"0\" aria-label=\"Display slide 1\"><\/a><\/li>\n\t\t\t\t\t\t\t\t\t<\/ol>\n\n\t\t\t\t<div class=\"sow-slide-nav sow-slide-nav-next\">\n\t\t\t\t\t<a href=\"#\" data-goto=\"next\" aria-label=\"Next slide\" data-action=\"next\">\n\t\t\t\t\t\t<em class=\"sow-sld-icon-thin-right\"><\/em>\n\t\t\t\t\t<\/a>\n\t\t\t\t<\/div>\n\n\t\t\t\t<div class=\"sow-slide-nav sow-slide-nav-prev\">\n\t\t\t\t\t<a href=\"#\" data-goto=\"previous\" aria-label=\"Previous slide\" data-action=\"prev\">\n\t\t\t\t\t\t<em class=\"sow-sld-icon-thin-left\"><\/em>\n\t\t\t\t\t<\/a>\n\t\t\t\t<\/div>\n\t\t\t\t<\/div><\/div><\/div><\/div><\/div><\/div><div id=\"pg-9481-1\"  class=\"panel-grid panel-has-style\" ><div class=\"siteorigin-panels-stretch panel-row-style panel-row-style-for-9481-1\" data-stretch-type=\"full\" ><div id=\"pgc-9481-1-0\"  class=\"panel-grid-cell\" ><div id=\"panel-9481-1-0-0\" class=\"so-panel widget widget_sow-headline panel-first-child panel-last-child\" data-index=\"1\" ><div class=\"panel-widget-style panel-widget-style-for-9481-1-0-0\" ><div\n\t\t\t\n\t\t\tclass=\"so-widget-sow-headline so-widget-sow-headline-default-8c430a345832-9481\"\n\t\t\t\n\t\t><div class=\"sow-headline-container \">\n\t\t\t\t\t\t\t<h1 class=\"sow-headline\">\n\t\t\t\t\t\tApple e a ProClass\t\t\t\t\t\t<\/h1>\n\t\t\t\t\t\t\t\t\t\t\t\t<h3 class=\"sow-sub-headline\">\n\t\t\t\t\t\tA ProClass foi, entre 2012 e 2020, a \u00fanica escola homologada Apple do Brasil. Em Janeiro de 2021 a Apple encerrou seu sistema de certifica\u00e7\u00f5es em Logic Pro, mas a ProClass continua oferecendo os cursos oficiais\t\t\t\t\t\t<\/h3>\n\t\t\t\t\t\t<\/div>\n<\/div><\/div><\/div><\/div><\/div><\/div><div id=\"pg-9481-2\"  class=\"panel-grid panel-has-style\" ><div class=\"panel-row-style panel-row-style-for-9481-2\" ><div id=\"pgc-9481-2-0\"  class=\"panel-grid-cell panel-grid-cell-empty\" ><div class=\"panel-cell-style panel-cell-style-for-9481-2-0\" ><\/div><\/div><div id=\"pgc-9481-2-1\"  class=\"panel-grid-cell panel-grid-cell-mobile-last\" ><div id=\"panel-9481-2-1-0\" class=\"so-panel widget widget_sow-editor panel-first-child panel-last-child\" data-index=\"2\" ><div\n\t\t\t\n\t\t\tclass=\"so-widget-sow-editor so-widget-sow-editor-base\"\n\t\t\t\n\t\t>\n<div class=\"siteorigin-widget-tinymce textwidget\">\n\t<h2>LOGIC PRO X - CURSO OFICIAL<\/h2>\n<section class=\"elementor-section elementor-top-section elementor-element elementor-element-9f228be elementor-section-boxed elementor-section-height-default elementor-section-height-default\" data-id=\"9f228be\" data-element_type=\"section\">\n<div class=\"elementor-container elementor-column-gap-default\">\n<div class=\"elementor-row\">\n<div class=\"elementor-column elementor-col-100 elementor-top-column elementor-element elementor-element-7885322\" data-id=\"7885322\" data-element_type=\"column\">\n<div class=\"elementor-column-wrap elementor-element-populated\">\n<div class=\"elementor-widget-wrap\">\n<div class=\"elementor-element elementor-element-d3f66e3 elementor-widget elementor-widget-text-editor\" data-id=\"d3f66e3\" data-element_type=\"widget\" data-widget_type=\"text-editor.default\">\n<div class=\"elementor-widget-container\">\n<div class=\"elementor-text-editor elementor-clearfix\">\n<p>Oferecemos treinamentos para grupos ou empresas em diversas modalidades de ensino. Online, em turmas ao vivo, por videoconfer\u00eancia; e presencial, na ProClass ou no seu local de trabalho.<\/p>\n<p>Os treinamentos podem ser os oficiais da fabricante, ou seja, que tem carga hor\u00e1ria e conte\u00fados j\u00e1 estabelecidos; ou podem ser personalizados, com carga hor\u00e1ria e conte\u00fados de acordo com as necessidades da equipe.<\/p>\n<p>Entre em contato para solicitar um or\u00e7amento, ou receber mais informa\u00e7\u00f5es: info@proclass.com.br ou WhatsApp: (21)\u00a0<a href=\"https:\/\/api.whatsapp.com\/send?phone=5521976157922\">97615-7922<\/a><\/p>\n<\/div>\n<\/div>\n<\/div>\n<\/div>\n<\/div>\n<\/div>\n<\/div>\n<\/div>\n<\/section>\n<section class=\"elementor-section elementor-top-section elementor-element elementor-element-3f0cf40 elementor-section-content-middle elementor-section-boxed elementor-section-height-default elementor-section-height-default\" data-id=\"3f0cf40\" data-element_type=\"section\">\n<div class=\"elementor-container elementor-column-gap-wide\">\n<div class=\"elementor-row\">\n<div class=\"elementor-column elementor-col-100 elementor-top-column elementor-element elementor-element-4d33b73\" data-id=\"4d33b73\" data-element_type=\"column\">\n<div class=\"elementor-column-wrap elementor-element-populated\">\n<div class=\"elementor-widget-wrap\">\n<div class=\"elementor-element elementor-element-9620bb5 elementor-widget elementor-widget-heading\" data-id=\"9620bb5\" data-element_type=\"widget\" data-widget_type=\"heading.default\">\n<div class=\"elementor-widget-container\"><\/div>\n<\/div>\n<\/div>\n<\/div>\n<\/div>\n<\/div>\n<\/div>\n<\/section>\n<p><img fetchpriority=\"high\" fetchpriority=\"high\" decoding=\"async\" class=\"aligncenter size-large wp-image-9503\" src=\"http:\/\/proclass.com.br\/home\/wp-content\/uploads\/2018\/04\/Logic-1024x576.jpeg\" alt=\"\" width=\"1024\" height=\"576\" srcset=\"https:\/\/proclass.com.br\/home\/wp-content\/uploads\/2018\/04\/Logic-1024x576.jpeg 1024w, https:\/\/proclass.com.br\/home\/wp-content\/uploads\/2018\/04\/Logic-300x169.jpeg 300w, https:\/\/proclass.com.br\/home\/wp-content\/uploads\/2018\/04\/Logic-768x432.jpeg 768w, https:\/\/proclass.com.br\/home\/wp-content\/uploads\/2018\/04\/Logic.jpeg 1280w\" sizes=\"(max-width: 1024px) 100vw, 1024px\" \/><\/p>\n<div id=\"accordions-6665\" class=\"accordions-6665 accordions\" data-accordions={&quot;lazyLoad&quot;:false,&quot;id&quot;:&quot;6665&quot;,&quot;event&quot;:&quot;click&quot;,&quot;collapsible&quot;:&quot;true&quot;,&quot;heightStyle&quot;:&quot;content&quot;,&quot;animateStyle&quot;:&quot;swing&quot;,&quot;animateDelay&quot;:1000,&quot;navigation&quot;:true,&quot;active&quot;:999,&quot;expandedOther&quot;:&quot;no&quot;}>\r\n                <div class=\"items\" >\r\n    \r\n            <div post_id=\"6665\" itemcount=\"0\"  header_id=\"header-0\" id=\"header-0\" style=\"\" class=\"accordions-head head0 border-none\" toggle-text=\"\" main-text=\"Objetivos\">\r\n                                    <span id=\"accordion-icons-0\" class=\"accordion-icons\">\r\n                        <span class=\"accordion-icon-active accordion-plus\"><i class=\"fa fa-plus-square\"><\/i><\/span>\r\n                        <span class=\"accordion-icon-inactive accordion-minus\"><i class=\"fa fa-minus-square\"><\/i><\/span>\r\n                    <\/span>\r\n                    <span id=\"header-text-0\" class=\"accordions-head-title\">Objetivos<\/span>\r\n                            <\/div>\r\n            <div class=\"accordion-content content0 \">\r\n                <div class=\"page\" title=\"Page 13\">\n<div class=\"section\">\n<div class=\"layoutArea\">\n<div class=\"column\">\n<div class=\"page\" title=\"Page 12\">\n<div class=\"section\">\n<div class=\"layoutArea\">\n<div class=\"column\">\n<p>Dominar e navegar pelo software com efici\u00eancia;<\/p>\n<p>Realizar grava\u00e7\u00f5es de \u00e1udio e MIDI de diversas maneiras;<\/p>\n<p>Entender o processo de edi\u00e7\u00e3o n\u00e3o-linear e suas vantagens;<\/p>\n<p>Administrar arquivos com seguran\u00e7a;<\/p>\n<p>Explorar os diversos recursos de processamento de \u00e1udio;<\/p>\n<p>Mixar e finalizar uma produ\u00e7\u00e3o em diferentes m\u00eddias.<\/p>\n<\/div>\n<\/div>\n<\/div>\n<\/div>\n<\/div>\n<\/div>\n<\/div>\n<\/div>\n            <\/div>\r\n    \r\n            <div post_id=\"6665\" itemcount=\"1\"  header_id=\"header-1482876181799\" id=\"header-1482876181799\" style=\"\" class=\"accordions-head head1482876181799 border-none\" toggle-text=\"\" main-text=\"Conte\u00fados\">\r\n                                    <span id=\"accordion-icons-1482876181799\" class=\"accordion-icons\">\r\n                        <span class=\"accordion-icon-active accordion-plus\"><i class=\"fa fa-plus-square\"><\/i><\/span>\r\n                        <span class=\"accordion-icon-inactive accordion-minus\"><i class=\"fa fa-minus-square\"><\/i><\/span>\r\n                    <\/span>\r\n                    <span id=\"header-text-1482876181799\" class=\"accordions-head-title\">Conte\u00fados<\/span>\r\n                            <\/div>\r\n            <div class=\"accordion-content content1482876181799 \">\r\n                <p>Apple Loops<\/p>\n<p>Capta\u00e7\u00e3o de \u00e1udio<\/p>\n<p>Configura\u00e7\u00e3o e otimiza\u00e7\u00e3o de sistemas<\/p>\n<p>Ajuste de andamento e compasso<\/p>\n<p>Overdubbing<\/p>\n<p>Punch in\/ou autom\u00e1tico<\/p>\n<p>Produ\u00e7\u00e3o e compila\u00e7\u00e3o com diversos takes<\/p>\n<p>Flex tool<\/p>\n<p>Sample Editor<\/p>\n<p>Trabalhos com MIDI (Quantize, Transpose, Step Input etc)<\/p>\n<p>Score Editor, Piano Roll, Hyper Draw e Event List<\/p>\n<p>Produ\u00e7\u00e3o de grooves com loop editor<\/p>\n<p>Compress\u00e3o e expans\u00e3o de tempo com Flex Time<\/p>\n<p>Plug-ins<\/p>\n<p>Roteamento de \u00e1udio no mixer<\/p>\n<p>Automa\u00e7\u00e3o<\/p>\n<p>Finaliza\u00e7\u00e3o<\/p>\n<p>Problemas frequentes e como resolver<\/p>\n            <\/div>\r\n    <\/div>\r\n\r\n\r\n\r\n            <\/div>\n<\/div>\n<\/div><\/div><\/div><div id=\"pgc-9481-2-2\"  class=\"panel-grid-cell panel-grid-cell-empty\" ><\/div><\/div><\/div><div id=\"pg-9481-3\"  class=\"panel-grid panel-no-style\" ><div id=\"pgc-9481-3-0\"  class=\"panel-grid-cell\" ><div id=\"panel-9481-3-0-0\" class=\"so-panel widget widget_sow-editor panel-first-child panel-last-child\" data-index=\"3\" ><div\n\t\t\t\n\t\t\tclass=\"so-widget-sow-editor so-widget-sow-editor-base\"\n\t\t\t\n\t\t>\n<div class=\"siteorigin-widget-tinymce textwidget\">\n\t<p>Este \u00e9 o treinamento oficial em Logic Pro X. O curso aborda todas as etapas da produ\u00e7\u00e3o musical, desde a cria\u00e7\u00e3o do seu projeto, grava\u00e7\u00e3o, importa\u00e7\u00e3o, edi\u00e7\u00e3o, mixagem e entrega do produto final. O curso, apesar ser recomendado tamb\u00e9m\u00a0 para iniciantes, estimula o aluno a incorporar ferramentas e t\u00e9cnicas avan\u00e7adas de edi\u00e7\u00e3o, efeitos e ajustes de \u00e1udio.<\/p>\n<p><span style=\"text-decoration: underline;\">Aulas online ao vivo, por videoconfer\u00eancia, para grupos ou empresas com hor\u00e1rios marcados previamente.<\/span><\/p>\n<p>&nbsp;<\/p>\n<h3>\u00a0<a href=\"#inicio\">Voltar ao in\u00edcio<\/a><\/h3>\n<hr \/>\n<\/div>\n<\/div><\/div><\/div><\/div><\/div>","protected":false},"excerpt":{"rendered":"<p>\u00a0 Logic Pro X A produ\u00e7\u00e3o musical f\u00e1cil, poderosa e com a cara da Apple &#8211; para Mac \u00a0 Apple e a ProClass A ProClass foi, entre 2012 e 2020, a \u00fanica escola homologada Apple do Brasil. Em Janeiro de 2021 a Apple encerrou seu sistema de certifica\u00e7\u00f5es em Logic Pro, mas a ProClass continuaContinue reading &rarr;<\/p>\n","protected":false},"author":4,"featured_media":0,"parent":7277,"menu_order":0,"comment_status":"closed","ping_status":"closed","template":"","meta":{"footnotes":""},"class_list":["post-9481","page","type-page","status-publish","hentry","no-thumb"],"yoast_head":"<!-- This site is optimized with the Yoast SEO plugin v26.9 - https:\/\/yoast.com\/product\/yoast-seo-wordpress\/ -->\n<title>Treinamento em Logic Pro X - PROCLASS<\/title>\n<meta name=\"robots\" content=\"index, follow, max-snippet:-1, max-image-preview:large, max-video-preview:-1\" \/>\n<link rel=\"canonical\" href=\"https:\/\/proclass.com.br\/home\/cursos\/logic-pro\/\" \/>\n<meta property=\"og:locale\" content=\"pt_BR\" \/>\n<meta property=\"og:type\" content=\"article\" \/>\n<meta property=\"og:title\" content=\"Treinamento em Logic Pro X - PROCLASS\" \/>\n<meta property=\"og:description\" content=\"\u00a0 Logic Pro X A produ\u00e7\u00e3o musical f\u00e1cil, poderosa e com a cara da Apple - para Mac \u00a0 Apple e a ProClass A ProClass foi, entre 2012 e 2020, a \u00fanica escola homologada Apple do Brasil. Em Janeiro de 2021 a Apple encerrou seu sistema de certifica\u00e7\u00f5es em Logic Pro, mas a ProClass continuaContinue reading &rarr;\" \/>\n<meta property=\"og:url\" content=\"https:\/\/proclass.com.br\/home\/cursos\/logic-pro\/\" \/>\n<meta property=\"og:site_name\" content=\"PROCLASS\" \/>\n<meta property=\"article:modified_time\" content=\"2021-06-18T20:22:59+00:00\" \/>\n<meta property=\"og:image\" content=\"https:\/\/proclass.com.br\/home\/wp-content\/uploads\/2018\/04\/Logic.jpeg\" \/>\n\t<meta property=\"og:image:width\" content=\"1280\" \/>\n\t<meta property=\"og:image:height\" content=\"720\" \/>\n\t<meta property=\"og:image:type\" content=\"image\/jpeg\" \/>\n<meta name=\"twitter:card\" content=\"summary_large_image\" \/>\n<meta name=\"twitter:label1\" content=\"Est. tempo de leitura\" \/>\n\t<meta name=\"twitter:data1\" content=\"1 minuto\" \/>\n<script type=\"application\/ld+json\" class=\"yoast-schema-graph\">{\"@context\":\"https:\/\/schema.org\",\"@graph\":[{\"@type\":\"WebPage\",\"@id\":\"https:\/\/proclass.com.br\/home\/cursos\/logic-pro\/\",\"url\":\"https:\/\/proclass.com.br\/home\/cursos\/logic-pro\/\",\"name\":\"Treinamento em Logic Pro X - PROCLASS\",\"isPartOf\":{\"@id\":\"https:\/\/proclass.com.br\/home\/#website\"},\"primaryImageOfPage\":{\"@id\":\"https:\/\/proclass.com.br\/home\/cursos\/logic-pro\/#primaryimage\"},\"image\":{\"@id\":\"https:\/\/proclass.com.br\/home\/cursos\/logic-pro\/#primaryimage\"},\"thumbnailUrl\":\"http:\/\/proclass.com.br\/home\/wp-content\/uploads\/2018\/04\/Logic-1024x576.jpeg\",\"datePublished\":\"2018-04-11T23:24:43+00:00\",\"dateModified\":\"2021-06-18T20:22:59+00:00\",\"breadcrumb\":{\"@id\":\"https:\/\/proclass.com.br\/home\/cursos\/logic-pro\/#breadcrumb\"},\"inLanguage\":\"pt-BR\",\"potentialAction\":[{\"@type\":\"ReadAction\",\"target\":[\"https:\/\/proclass.com.br\/home\/cursos\/logic-pro\/\"]}]},{\"@type\":\"ImageObject\",\"inLanguage\":\"pt-BR\",\"@id\":\"https:\/\/proclass.com.br\/home\/cursos\/logic-pro\/#primaryimage\",\"url\":\"https:\/\/proclass.com.br\/home\/wp-content\/uploads\/2018\/04\/Logic.jpeg\",\"contentUrl\":\"https:\/\/proclass.com.br\/home\/wp-content\/uploads\/2018\/04\/Logic.jpeg\",\"width\":1280,\"height\":720},{\"@type\":\"BreadcrumbList\",\"@id\":\"https:\/\/proclass.com.br\/home\/cursos\/logic-pro\/#breadcrumb\",\"itemListElement\":[{\"@type\":\"ListItem\",\"position\":1,\"name\":\"In\u00edcio\",\"item\":\"https:\/\/proclass.com.br\/home\/\"},{\"@type\":\"ListItem\",\"position\":2,\"name\":\"CURSOS\",\"item\":\"https:\/\/proclass.com.br\/home\/cursos\/\"},{\"@type\":\"ListItem\",\"position\":3,\"name\":\"Treinamento em Logic Pro X\"}]},{\"@type\":\"WebSite\",\"@id\":\"https:\/\/proclass.com.br\/home\/#website\",\"url\":\"https:\/\/proclass.com.br\/home\/\",\"name\":\"PROCLASS\",\"description\":\"CURSOS E TREINAMENTOS\",\"publisher\":{\"@id\":\"https:\/\/proclass.com.br\/home\/#organization\"},\"potentialAction\":[{\"@type\":\"SearchAction\",\"target\":{\"@type\":\"EntryPoint\",\"urlTemplate\":\"https:\/\/proclass.com.br\/home\/?s={search_term_string}\"},\"query-input\":{\"@type\":\"PropertyValueSpecification\",\"valueRequired\":true,\"valueName\":\"search_term_string\"}}],\"inLanguage\":\"pt-BR\"},{\"@type\":\"Organization\",\"@id\":\"https:\/\/proclass.com.br\/home\/#organization\",\"name\":\"PROCLASS\",\"url\":\"https:\/\/proclass.com.br\/home\/\",\"logo\":{\"@type\":\"ImageObject\",\"inLanguage\":\"pt-BR\",\"@id\":\"https:\/\/proclass.com.br\/home\/#\/schema\/logo\/image\/\",\"url\":\"https:\/\/proclass.com.br\/home\/wp-content\/uploads\/2023\/06\/CABECALHO-black_PROCLASS-2023.png\",\"contentUrl\":\"https:\/\/proclass.com.br\/home\/wp-content\/uploads\/2023\/06\/CABECALHO-black_PROCLASS-2023.png\",\"width\":2563,\"height\":911,\"caption\":\"PROCLASS\"},\"image\":{\"@id\":\"https:\/\/proclass.com.br\/home\/#\/schema\/logo\/image\/\"}}]}<\/script>\n<!-- \/ Yoast SEO plugin. -->","yoast_head_json":{"title":"Treinamento em Logic Pro X - PROCLASS","robots":{"index":"index","follow":"follow","max-snippet":"max-snippet:-1","max-image-preview":"max-image-preview:large","max-video-preview":"max-video-preview:-1"},"canonical":"https:\/\/proclass.com.br\/home\/cursos\/logic-pro\/","og_locale":"pt_BR","og_type":"article","og_title":"Treinamento em Logic Pro X - PROCLASS","og_description":"\u00a0 Logic Pro X A produ\u00e7\u00e3o musical f\u00e1cil, poderosa e com a cara da Apple - para Mac \u00a0 Apple e a ProClass A ProClass foi, entre 2012 e 2020, a \u00fanica escola homologada Apple do Brasil. Em Janeiro de 2021 a Apple encerrou seu sistema de certifica\u00e7\u00f5es em Logic Pro, mas a ProClass continuaContinue reading &rarr;","og_url":"https:\/\/proclass.com.br\/home\/cursos\/logic-pro\/","og_site_name":"PROCLASS","article_modified_time":"2021-06-18T20:22:59+00:00","og_image":[{"width":1280,"height":720,"url":"https:\/\/proclass.com.br\/home\/wp-content\/uploads\/2018\/04\/Logic.jpeg","type":"image\/jpeg"}],"twitter_card":"summary_large_image","twitter_misc":{"Est. tempo de leitura":"1 minuto"},"schema":{"@context":"https:\/\/schema.org","@graph":[{"@type":"WebPage","@id":"https:\/\/proclass.com.br\/home\/cursos\/logic-pro\/","url":"https:\/\/proclass.com.br\/home\/cursos\/logic-pro\/","name":"Treinamento em Logic Pro X - PROCLASS","isPartOf":{"@id":"https:\/\/proclass.com.br\/home\/#website"},"primaryImageOfPage":{"@id":"https:\/\/proclass.com.br\/home\/cursos\/logic-pro\/#primaryimage"},"image":{"@id":"https:\/\/proclass.com.br\/home\/cursos\/logic-pro\/#primaryimage"},"thumbnailUrl":"http:\/\/proclass.com.br\/home\/wp-content\/uploads\/2018\/04\/Logic-1024x576.jpeg","datePublished":"2018-04-11T23:24:43+00:00","dateModified":"2021-06-18T20:22:59+00:00","breadcrumb":{"@id":"https:\/\/proclass.com.br\/home\/cursos\/logic-pro\/#breadcrumb"},"inLanguage":"pt-BR","potentialAction":[{"@type":"ReadAction","target":["https:\/\/proclass.com.br\/home\/cursos\/logic-pro\/"]}]},{"@type":"ImageObject","inLanguage":"pt-BR","@id":"https:\/\/proclass.com.br\/home\/cursos\/logic-pro\/#primaryimage","url":"https:\/\/proclass.com.br\/home\/wp-content\/uploads\/2018\/04\/Logic.jpeg","contentUrl":"https:\/\/proclass.com.br\/home\/wp-content\/uploads\/2018\/04\/Logic.jpeg","width":1280,"height":720},{"@type":"BreadcrumbList","@id":"https:\/\/proclass.com.br\/home\/cursos\/logic-pro\/#breadcrumb","itemListElement":[{"@type":"ListItem","position":1,"name":"In\u00edcio","item":"https:\/\/proclass.com.br\/home\/"},{"@type":"ListItem","position":2,"name":"CURSOS","item":"https:\/\/proclass.com.br\/home\/cursos\/"},{"@type":"ListItem","position":3,"name":"Treinamento em Logic Pro X"}]},{"@type":"WebSite","@id":"https:\/\/proclass.com.br\/home\/#website","url":"https:\/\/proclass.com.br\/home\/","name":"PROCLASS","description":"CURSOS E TREINAMENTOS","publisher":{"@id":"https:\/\/proclass.com.br\/home\/#organization"},"potentialAction":[{"@type":"SearchAction","target":{"@type":"EntryPoint","urlTemplate":"https:\/\/proclass.com.br\/home\/?s={search_term_string}"},"query-input":{"@type":"PropertyValueSpecification","valueRequired":true,"valueName":"search_term_string"}}],"inLanguage":"pt-BR"},{"@type":"Organization","@id":"https:\/\/proclass.com.br\/home\/#organization","name":"PROCLASS","url":"https:\/\/proclass.com.br\/home\/","logo":{"@type":"ImageObject","inLanguage":"pt-BR","@id":"https:\/\/proclass.com.br\/home\/#\/schema\/logo\/image\/","url":"https:\/\/proclass.com.br\/home\/wp-content\/uploads\/2023\/06\/CABECALHO-black_PROCLASS-2023.png","contentUrl":"https:\/\/proclass.com.br\/home\/wp-content\/uploads\/2023\/06\/CABECALHO-black_PROCLASS-2023.png","width":2563,"height":911,"caption":"PROCLASS"},"image":{"@id":"https:\/\/proclass.com.br\/home\/#\/schema\/logo\/image\/"}}]}},"_links":{"self":[{"href":"https:\/\/proclass.com.br\/home\/wp-json\/wp\/v2\/pages\/9481","targetHints":{"allow":["GET"]}}],"collection":[{"href":"https:\/\/proclass.com.br\/home\/wp-json\/wp\/v2\/pages"}],"about":[{"href":"https:\/\/proclass.com.br\/home\/wp-json\/wp\/v2\/types\/page"}],"author":[{"embeddable":true,"href":"https:\/\/proclass.com.br\/home\/wp-json\/wp\/v2\/users\/4"}],"replies":[{"embeddable":true,"href":"https:\/\/proclass.com.br\/home\/wp-json\/wp\/v2\/comments?post=9481"}],"version-history":[{"count":0,"href":"https:\/\/proclass.com.br\/home\/wp-json\/wp\/v2\/pages\/9481\/revisions"}],"up":[{"embeddable":true,"href":"https:\/\/proclass.com.br\/home\/wp-json\/wp\/v2\/pages\/7277"}],"wp:attachment":[{"href":"https:\/\/proclass.com.br\/home\/wp-json\/wp\/v2\/media?parent=9481"}],"curies":[{"name":"wp","href":"https:\/\/api.w.org\/{rel}","templated":true}]}}