{"id":6785,"date":"2016-12-29T17:22:40","date_gmt":"2016-12-29T20:22:40","guid":{"rendered":"http:\/\/proclass.com.br\/home\/?page_id=6785"},"modified":"2023-07-31T17:08:01","modified_gmt":"2023-07-31T20:08:01","slug":"som-para-editores-empresas","status":"publish","type":"page","link":"https:\/\/proclass.com.br\/home\/som-para-editores-empresas\/","title":{"rendered":"Som para editores &#8211; Para Grupos ou Empresas"},"content":{"rendered":"<div id=\"pl-6785\"  class=\"panel-layout\" ><div id=\"pg-6785-0\"  class=\"panel-grid panel-has-style\" ><div class=\"siteorigin-panels-stretch panel-row-style panel-row-style-for-6785-0\" data-stretch-type=\"full-stretched\" ><div id=\"pgc-6785-0-0\"  class=\"panel-grid-cell\" ><div id=\"panel-6785-0-0-0\" class=\"so-panel widget widget_sow-hero panel-first-child panel-last-child\" data-index=\"0\" ><div\n\t\t\t\n\t\t\tclass=\"so-widget-sow-hero so-widget-sow-hero-default-09a9c2aa85c6-6785 so-widget-fittext-wrapper\"\n\t\t\t data-fit-text-compressor=\"0.85\"\n\t\t>\t\t\t\t<div class=\"sow-slider-base\" style=\"display: none\" tabindex=\"0\">\n\t\t\t\t\t<ul\n\t\t\t\t\tclass=\"sow-slider-images\"\n\t\t\t\t\tdata-settings=\"{&quot;pagination&quot;:true,&quot;speed&quot;:800,&quot;timeout&quot;:8000,&quot;paused&quot;:false,&quot;pause_on_hover&quot;:false,&quot;swipe&quot;:true,&quot;nav_always_show_desktop&quot;:&quot;&quot;,&quot;nav_always_show_mobile&quot;:&quot;&quot;,&quot;breakpoint&quot;:&quot;780px&quot;,&quot;unmute&quot;:false,&quot;anchor&quot;:null}\"\n\t\t\t\t\t\t\t\t\t\tdata-anchor-id=\"\"\n\t\t\t\t>\t\t<li class=\"sow-slider-image  sow-slider-image-cover\" style=\"visibility: visible;;background-color: #333333\" >\n\t\t\t\t\t<div class=\"sow-slider-image-container\">\n\t\t\t<div class=\"sow-slider-image-wrapper\">\n\t\t\t\t<h1 style=\"text-align: center\">Som para Editores de V\u00eddeo<\/h1>\n<p style=\"text-align: center\">Aperfei\u00e7oamento\u00a0na edi\u00e7\u00e3o e mixagem de \u00e1udio<\/p>\n<p style=\"text-align: center\">\n<\/p>\t\t\t<\/div>\n\t\t<\/div>\n\t\t<div class=\"sow-slider-image-overlay sow-slider-image-cover\" style=\"opacity: 0.41;background-image: url(https:\/\/proclass.com.br\/home\/wp-content\/uploads\/2016\/12\/Premiere-Pro-Audio-Post-865x505.jpg)\"  ><\/div>\t\t<\/li>\n\t\t<\/ul>\t\t\t\t<ol class=\"sow-slider-pagination\">\n\t\t\t\t\t\t\t\t\t\t\t<li><a href=\"#\" data-goto=\"0\" aria-label=\"Display slide 1\"><\/a><\/li>\n\t\t\t\t\t\t\t\t\t<\/ol>\n\n\t\t\t\t<div class=\"sow-slide-nav sow-slide-nav-next\">\n\t\t\t\t\t<a href=\"#\" data-goto=\"next\" aria-label=\"Next slide\" data-action=\"next\">\n\t\t\t\t\t\t<em class=\"sow-sld-icon-thin-right\"><\/em>\n\t\t\t\t\t<\/a>\n\t\t\t\t<\/div>\n\n\t\t\t\t<div class=\"sow-slide-nav sow-slide-nav-prev\">\n\t\t\t\t\t<a href=\"#\" data-goto=\"previous\" aria-label=\"Previous slide\" data-action=\"prev\">\n\t\t\t\t\t\t<em class=\"sow-sld-icon-thin-left\"><\/em>\n\t\t\t\t\t<\/a>\n\t\t\t\t<\/div>\n\t\t\t\t<\/div><\/div><\/div><\/div><\/div><\/div><div id=\"pg-6785-1\"  class=\"panel-grid panel-has-style\" ><div class=\"siteorigin-panels-stretch panel-row-style panel-row-style-for-6785-1\" data-stretch-type=\"full\" ><div id=\"pgc-6785-1-0\"  class=\"panel-grid-cell\" ><div id=\"panel-6785-1-0-0\" class=\"so-panel widget widget_sow-headline panel-first-child panel-last-child\" data-index=\"1\" ><div class=\"panel-widget-style panel-widget-style-for-6785-1-0-0\" ><div\n\t\t\t\n\t\t\tclass=\"so-widget-sow-headline so-widget-sow-headline-default-8c430a345832-6785\"\n\t\t\t\n\t\t><div class=\"sow-headline-container \">\n\t\t\t\t\t\t\t<h1 class=\"sow-headline\">\n\t\t\t\t\t\tPor que um editor de v\u00eddeo deve saber \u00e1udio?\t\t\t\t\t\t<\/h1>\n\t\t\t\t\t\t\t\t\t\t\t\t<h3 class=\"sow-sub-headline\">\n\t\t\t\t\t\tAinda que o ideal seja delegar esta fun\u00e7\u00e3o\u00a0aos profissionais de \u00e1udio, \u00e9 fato\u00a0que em v\u00e1rios projetos \u00e9 o editor de v\u00eddeo que finaliza o \u00e1udio. N\u00e3o s\u00e3o poucas vezes em que vemos um v\u00eddeo com\u00a0\u00f3timo conte\u00fado, edi\u00e7\u00e3o excelente e belos filtros de cor\u2026 mas o som, deixa a desejar. A verdade, \u00e9 que o\u00a0\u00e1udio\u00a0\u00e9 disparado o item que mais \u201centrega\u201d um v\u00eddeo como amador ou de baixo custo.\t\t\t\t\t\t<\/h3>\n\t\t\t\t\t\t<\/div>\n<\/div><\/div><\/div><\/div><\/div><\/div><div id=\"pg-6785-2\"  class=\"panel-grid panel-no-style\" ><div id=\"pgc-6785-2-0\"  class=\"panel-grid-cell panel-grid-cell-empty\" ><\/div><div id=\"pgc-6785-2-1\"  class=\"panel-grid-cell panel-grid-cell-mobile-last\" ><div id=\"panel-6785-2-1-0\" class=\"so-panel widget widget_sow-editor panel-first-child panel-last-child\" data-index=\"2\" ><div\n\t\t\t\n\t\t\tclass=\"so-widget-sow-editor so-widget-sow-editor-base\"\n\t\t\t\n\t\t>\n<div class=\"siteorigin-widget-tinymce textwidget\">\n\t<h2 style=\"text-align: left;\"><strong>SOM PARA EDITORES<\/strong><\/h2>\n<h2 style=\"text-align: left;\"><\/h2>\n<p><a href=\"https:\/\/proclass.com.br\/home\/wp-content\/uploads\/2020\/05\/MINIATURA-CURSO-SOM-PARA-EDITORES-ONLINE.png\"><img fetchpriority=\"high\" fetchpriority=\"high\" decoding=\"async\" class=\"wp-image-14097 aligncenter\" src=\"https:\/\/proclass.com.br\/home\/wp-content\/uploads\/2020\/05\/MINIATURA-CURSO-SOM-PARA-EDITORES-ONLINE-300x169.png\" alt=\"\" width=\"632\" height=\"356\" srcset=\"https:\/\/proclass.com.br\/home\/wp-content\/uploads\/2020\/05\/MINIATURA-CURSO-SOM-PARA-EDITORES-ONLINE-300x169.png 300w, https:\/\/proclass.com.br\/home\/wp-content\/uploads\/2020\/05\/MINIATURA-CURSO-SOM-PARA-EDITORES-ONLINE-768x432.png 768w, https:\/\/proclass.com.br\/home\/wp-content\/uploads\/2020\/05\/MINIATURA-CURSO-SOM-PARA-EDITORES-ONLINE-1024x576.png 1024w, https:\/\/proclass.com.br\/home\/wp-content\/uploads\/2020\/05\/MINIATURA-CURSO-SOM-PARA-EDITORES-ONLINE.png 1280w\" sizes=\"(max-width: 632px) 100vw, 632px\" \/><\/a><\/p>\n<div id=\"accordions-6788\" class=\"accordions-6788 accordions\" data-accordions={&quot;lazyLoad&quot;:false,&quot;id&quot;:&quot;6788&quot;,&quot;event&quot;:&quot;click&quot;,&quot;collapsible&quot;:&quot;true&quot;,&quot;heightStyle&quot;:&quot;content&quot;,&quot;animateStyle&quot;:&quot;swing&quot;,&quot;animateDelay&quot;:1000,&quot;navigation&quot;:true,&quot;active&quot;:999,&quot;expandedOther&quot;:&quot;no&quot;}>\r\n                <div class=\"items\" >\r\n    \r\n            <div post_id=\"6788\" itemcount=\"0\"  header_id=\"header-0\" id=\"header-0\" style=\"\" class=\"accordions-head head0 border-none\" toggle-text=\"\" main-text=\"Objetivos\">\r\n                                    <span id=\"accordion-icons-0\" class=\"accordion-icons\">\r\n                        <span class=\"accordion-icon-active accordion-plus\"><i class=\"fa fa-plus-square\"><\/i><\/span>\r\n                        <span class=\"accordion-icon-inactive accordion-minus\"><i class=\"fa fa-minus-square\"><\/i><\/span>\r\n                    <\/span>\r\n                    <span id=\"header-text-0\" class=\"accordions-head-title\">Objetivos<\/span>\r\n                            <\/div>\r\n            <div class=\"accordion-content content0 \">\r\n                <p>Buscar, gerenciar, organizar e catalogar arquivos \u00e1udio de maneira profissional<\/p>\n<p>Entender quest\u00f5es t\u00e9cnicas sobre formatos de arquivos de \u00e1udio<\/p>\n<p>Compreender as diferen\u00e7as entre altera\u00e7\u00f5es de volume e de Clip<\/p>\n<p>Aprender a utilizar efeitos de \u00e1udio, como equalizador, compressor e reverb, pitch shift, time shift<\/p>\n<p>Conhecer as diferen\u00e7as de um efeito inserido no canal e em um clip<\/p>\n<p>Aprender a limpar\u00a0\u00e1udios com problemas de capta\u00e7\u00e3o<\/p>\n<p>Saber enviar o \u00e1udio finalizado de acordo com as normas de Loudness exigidas pelas emissoras de televis\u00e3o<\/p>\n<p>Conhecer as t\u00e9cnicas de filtros e distor\u00e7\u00f5es para emular som de telefone, r\u00e1dio, televis\u00e3o<\/p>\n            <\/div>\r\n    \r\n            <div post_id=\"6788\" itemcount=\"1\"  header_id=\"header-1482875900075\" id=\"header-1482875900075\" style=\"\" class=\"accordions-head head1482875900075 border-none\" toggle-text=\"\" main-text=\"Conte\u00fados\">\r\n                                    <span id=\"accordion-icons-1482875900075\" class=\"accordion-icons\">\r\n                        <span class=\"accordion-icon-active accordion-plus\"><i class=\"fa fa-plus-square\"><\/i><\/span>\r\n                        <span class=\"accordion-icon-inactive accordion-minus\"><i class=\"fa fa-minus-square\"><\/i><\/span>\r\n                    <\/span>\r\n                    <span id=\"header-text-1482875900075\" class=\"accordions-head-title\">Conte\u00fados<\/span>\r\n                            <\/div>\r\n            <div class=\"accordion-content content1482875900075 \">\r\n                <p>Edi\u00e7\u00e3o de efeitos Sonoros - Nudge, Trim, Crossfades<\/p>\n<p>Automa\u00e7\u00e3o de Volume<\/p>\n<p>Clip Gain<\/p>\n<p>Efeitos de \u00c1udio: Equalizador, Compressor, Reverb<\/p>\n<p>filtros e distor\u00e7\u00f5es<\/p>\n<p>Redutores de Ru\u00eddo<\/p>\n<p>Restauradores de \u00e1udio<\/p>\n<p>Normas de envio de \u00e1udio Stereo e Surround para internet e televis\u00e3o<\/p>\n<p>Loudness<\/p>\n            <\/div>\r\n    <\/div>\r\n\r\n\r\n\r\n            <\/div>\n<\/div>\n<\/div><\/div><\/div><div id=\"pgc-6785-2-2\"  class=\"panel-grid-cell panel-grid-cell-empty\" ><\/div><\/div><div id=\"pg-6785-3\"  class=\"panel-grid panel-no-style\" ><div id=\"pgc-6785-3-0\"  class=\"panel-grid-cell\" ><div id=\"panel-6785-3-0-0\" class=\"so-panel widget widget_sow-editor panel-first-child panel-last-child\" data-index=\"3\" ><div\n\t\t\t\n\t\t\tclass=\"so-widget-sow-editor so-widget-sow-editor-base\"\n\t\t\t\n\t\t>\n<div class=\"siteorigin-widget-tinymce textwidget\">\n\t<p>Neste curso, atrav\u00e9s de exerc\u00edcios baseados em projetos do reais, o aluno poder\u00e1\u00a0solucionar problemas frequentes de capta\u00e7\u00e3o de \u00e1udio, como o excesso de ru\u00eddo e ambi\u00eancia. Tamb\u00e9m faz parte do curso os conceitos de equaliza\u00e7\u00e3o e compress\u00e3o de \u00e1udio.<\/p>\n<p>Al\u00e9m disso, ser\u00e3o abordadas t\u00e9cnicas de conceitos de edi\u00e7\u00e3o de ambientes, efeitos e di\u00e1logos al\u00e9m de uma vis\u00e3o t\u00e9cnica sobre mixagem. Por fim, saber as normas e padr\u00f5es de envio de \u00e1udio para televis\u00e3o.<\/p>\n<p>Oferecemos treinamentos para grupos ou empresas em diversas modalidades de ensino. Online, com aulas gravadas ou em turmas ao vivo, por videoconfer\u00eancia; e presencial, na ProClass ou no seu local de trabalho.<\/p>\n<div class=\"site-content\">\n<div class=\"bnt-container\">\n<div class=\"content content-page\"><main class=\"site-main\" role=\"main\"><\/p>\n<article id=\"post-6785\" class=\"post-6785 page type-page status-publish hentry no-thumb\">\n<div class=\"entry-content clear\">\n<div id=\"pl-6785\" class=\"panel-layout\">\n<div id=\"pg-6785-3\" class=\"panel-grid panel-no-style\">\n<div id=\"pgc-6785-3-0\" class=\"panel-grid-cell\">\n<div id=\"panel-6785-3-0-0\" class=\"so-panel widget widget_sow-editor panel-first-child panel-last-child\" data-index=\"3\">\n<div class=\"so-widget-sow-editor so-widget-sow-editor-base\">\n<div class=\"siteorigin-widget-tinymce textwidget\">\n<div id=\"pg-3429-3\" class=\"panel-grid panel-no-style\">\n<div id=\"pgc-3429-3-0\" class=\"panel-grid-cell\">\n<div id=\"panel-3429-3-0-0\" class=\"so-panel widget widget_sow-editor panel-first-child panel-last-child\" data-index=\"3\">\n<div class=\"so-widget-sow-editor so-widget-sow-editor-base\">\n<div class=\"siteorigin-widget-tinymce textwidget\">\n<p>Entre em contato para solicitar um or\u00e7amento, ou receber mais informa\u00e7\u00f5es: info@proclass.com.br ou\u00a0<a href=\"https:\/\/api.whatsapp.com\/send?phone=5521976157922\">WhatsApp: (21) 97615-7922<\/a><\/p>\n<\/div>\n<\/div>\n<\/div>\n<\/div>\n<\/div>\n<\/div>\n<\/div>\n<\/div>\n<\/div>\n<\/div>\n<\/div>\n<\/div>\n<\/article>\n<p><\/main><\/div>\n<\/div>\n<\/div>\n<\/div>\n<\/div><\/div><\/div><\/div><\/div>","protected":false},"excerpt":{"rendered":"<p>Som para Editores de V\u00eddeo Aperfei\u00e7oamento\u00a0na edi\u00e7\u00e3o e mixagem de \u00e1udio Por que um editor de v\u00eddeo deve saber \u00e1udio? Ainda que o ideal seja delegar esta fun\u00e7\u00e3o\u00a0aos profissionais de \u00e1udio, \u00e9 fato\u00a0que em v\u00e1rios projetos \u00e9 o editor de v\u00eddeo que finaliza o \u00e1udio. N\u00e3o s\u00e3o poucas vezes em que vemos um v\u00eddeo com\u00a0\u00f3timoContinue reading &rarr;<\/p>\n","protected":false},"author":4,"featured_media":0,"parent":0,"menu_order":0,"comment_status":"closed","ping_status":"closed","template":"","meta":{"footnotes":""},"class_list":["post-6785","page","type-page","status-publish","hentry","no-thumb"],"yoast_head":"<!-- This site is optimized with the Yoast SEO plugin v26.9 - https:\/\/yoast.com\/product\/yoast-seo-wordpress\/ -->\n<title>Som para editores - Para Grupos ou Empresas - PROCLASS<\/title>\n<meta name=\"robots\" content=\"index, follow, max-snippet:-1, max-image-preview:large, max-video-preview:-1\" \/>\n<link rel=\"canonical\" href=\"https:\/\/proclass.com.br\/home\/som-para-editores-empresas\/\" \/>\n<meta property=\"og:locale\" content=\"pt_BR\" \/>\n<meta property=\"og:type\" content=\"article\" \/>\n<meta property=\"og:title\" content=\"Som para editores - Para Grupos ou Empresas - PROCLASS\" \/>\n<meta property=\"og:description\" content=\"Som para Editores de V\u00eddeo Aperfei\u00e7oamento\u00a0na edi\u00e7\u00e3o e mixagem de \u00e1udio Por que um editor de v\u00eddeo deve saber \u00e1udio? Ainda que o ideal seja delegar esta fun\u00e7\u00e3o\u00a0aos profissionais de \u00e1udio, \u00e9 fato\u00a0que em v\u00e1rios projetos \u00e9 o editor de v\u00eddeo que finaliza o \u00e1udio. N\u00e3o s\u00e3o poucas vezes em que vemos um v\u00eddeo com\u00a0\u00f3timoContinue reading &rarr;\" \/>\n<meta property=\"og:url\" content=\"https:\/\/proclass.com.br\/home\/som-para-editores-empresas\/\" \/>\n<meta property=\"og:site_name\" content=\"PROCLASS\" \/>\n<meta property=\"article:modified_time\" content=\"2023-07-31T20:08:01+00:00\" \/>\n<meta property=\"og:image\" content=\"https:\/\/proclass.com.br\/home\/wp-content\/uploads\/2020\/05\/MINIATURA-CURSO-SOM-PARA-EDITORES-ONLINE.png\" \/>\n\t<meta property=\"og:image:width\" content=\"1280\" \/>\n\t<meta property=\"og:image:height\" content=\"720\" \/>\n\t<meta property=\"og:image:type\" content=\"image\/png\" \/>\n<meta name=\"twitter:card\" content=\"summary_large_image\" \/>\n<meta name=\"twitter:label1\" content=\"Est. tempo de leitura\" \/>\n\t<meta name=\"twitter:data1\" content=\"1 minuto\" \/>\n<script type=\"application\/ld+json\" class=\"yoast-schema-graph\">{\"@context\":\"https:\/\/schema.org\",\"@graph\":[{\"@type\":\"WebPage\",\"@id\":\"https:\/\/proclass.com.br\/home\/som-para-editores-empresas\/\",\"url\":\"https:\/\/proclass.com.br\/home\/som-para-editores-empresas\/\",\"name\":\"Som para editores - Para Grupos ou Empresas - PROCLASS\",\"isPartOf\":{\"@id\":\"https:\/\/proclass.com.br\/home\/#website\"},\"primaryImageOfPage\":{\"@id\":\"https:\/\/proclass.com.br\/home\/som-para-editores-empresas\/#primaryimage\"},\"image\":{\"@id\":\"https:\/\/proclass.com.br\/home\/som-para-editores-empresas\/#primaryimage\"},\"thumbnailUrl\":\"https:\/\/proclass.com.br\/home\/wp-content\/uploads\/2020\/05\/MINIATURA-CURSO-SOM-PARA-EDITORES-ONLINE-300x169.png\",\"datePublished\":\"2016-12-29T20:22:40+00:00\",\"dateModified\":\"2023-07-31T20:08:01+00:00\",\"breadcrumb\":{\"@id\":\"https:\/\/proclass.com.br\/home\/som-para-editores-empresas\/#breadcrumb\"},\"inLanguage\":\"pt-BR\",\"potentialAction\":[{\"@type\":\"ReadAction\",\"target\":[\"https:\/\/proclass.com.br\/home\/som-para-editores-empresas\/\"]}]},{\"@type\":\"ImageObject\",\"inLanguage\":\"pt-BR\",\"@id\":\"https:\/\/proclass.com.br\/home\/som-para-editores-empresas\/#primaryimage\",\"url\":\"https:\/\/proclass.com.br\/home\/wp-content\/uploads\/2020\/05\/MINIATURA-CURSO-SOM-PARA-EDITORES-ONLINE.png\",\"contentUrl\":\"https:\/\/proclass.com.br\/home\/wp-content\/uploads\/2020\/05\/MINIATURA-CURSO-SOM-PARA-EDITORES-ONLINE.png\",\"width\":1280,\"height\":720},{\"@type\":\"BreadcrumbList\",\"@id\":\"https:\/\/proclass.com.br\/home\/som-para-editores-empresas\/#breadcrumb\",\"itemListElement\":[{\"@type\":\"ListItem\",\"position\":1,\"name\":\"In\u00edcio\",\"item\":\"https:\/\/proclass.com.br\/home\/\"},{\"@type\":\"ListItem\",\"position\":2,\"name\":\"Som para editores &#8211; Para Grupos ou Empresas\"}]},{\"@type\":\"WebSite\",\"@id\":\"https:\/\/proclass.com.br\/home\/#website\",\"url\":\"https:\/\/proclass.com.br\/home\/\",\"name\":\"PROCLASS\",\"description\":\"CURSOS E TREINAMENTOS\",\"publisher\":{\"@id\":\"https:\/\/proclass.com.br\/home\/#organization\"},\"potentialAction\":[{\"@type\":\"SearchAction\",\"target\":{\"@type\":\"EntryPoint\",\"urlTemplate\":\"https:\/\/proclass.com.br\/home\/?s={search_term_string}\"},\"query-input\":{\"@type\":\"PropertyValueSpecification\",\"valueRequired\":true,\"valueName\":\"search_term_string\"}}],\"inLanguage\":\"pt-BR\"},{\"@type\":\"Organization\",\"@id\":\"https:\/\/proclass.com.br\/home\/#organization\",\"name\":\"PROCLASS\",\"url\":\"https:\/\/proclass.com.br\/home\/\",\"logo\":{\"@type\":\"ImageObject\",\"inLanguage\":\"pt-BR\",\"@id\":\"https:\/\/proclass.com.br\/home\/#\/schema\/logo\/image\/\",\"url\":\"https:\/\/proclass.com.br\/home\/wp-content\/uploads\/2023\/06\/CABECALHO-black_PROCLASS-2023.png\",\"contentUrl\":\"https:\/\/proclass.com.br\/home\/wp-content\/uploads\/2023\/06\/CABECALHO-black_PROCLASS-2023.png\",\"width\":2563,\"height\":911,\"caption\":\"PROCLASS\"},\"image\":{\"@id\":\"https:\/\/proclass.com.br\/home\/#\/schema\/logo\/image\/\"}}]}<\/script>\n<!-- \/ Yoast SEO plugin. -->","yoast_head_json":{"title":"Som para editores - Para Grupos ou Empresas - PROCLASS","robots":{"index":"index","follow":"follow","max-snippet":"max-snippet:-1","max-image-preview":"max-image-preview:large","max-video-preview":"max-video-preview:-1"},"canonical":"https:\/\/proclass.com.br\/home\/som-para-editores-empresas\/","og_locale":"pt_BR","og_type":"article","og_title":"Som para editores - Para Grupos ou Empresas - PROCLASS","og_description":"Som para Editores de V\u00eddeo Aperfei\u00e7oamento\u00a0na edi\u00e7\u00e3o e mixagem de \u00e1udio Por que um editor de v\u00eddeo deve saber \u00e1udio? Ainda que o ideal seja delegar esta fun\u00e7\u00e3o\u00a0aos profissionais de \u00e1udio, \u00e9 fato\u00a0que em v\u00e1rios projetos \u00e9 o editor de v\u00eddeo que finaliza o \u00e1udio. N\u00e3o s\u00e3o poucas vezes em que vemos um v\u00eddeo com\u00a0\u00f3timoContinue reading &rarr;","og_url":"https:\/\/proclass.com.br\/home\/som-para-editores-empresas\/","og_site_name":"PROCLASS","article_modified_time":"2023-07-31T20:08:01+00:00","og_image":[{"width":1280,"height":720,"url":"https:\/\/proclass.com.br\/home\/wp-content\/uploads\/2020\/05\/MINIATURA-CURSO-SOM-PARA-EDITORES-ONLINE.png","type":"image\/png"}],"twitter_card":"summary_large_image","twitter_misc":{"Est. tempo de leitura":"1 minuto"},"schema":{"@context":"https:\/\/schema.org","@graph":[{"@type":"WebPage","@id":"https:\/\/proclass.com.br\/home\/som-para-editores-empresas\/","url":"https:\/\/proclass.com.br\/home\/som-para-editores-empresas\/","name":"Som para editores - Para Grupos ou Empresas - PROCLASS","isPartOf":{"@id":"https:\/\/proclass.com.br\/home\/#website"},"primaryImageOfPage":{"@id":"https:\/\/proclass.com.br\/home\/som-para-editores-empresas\/#primaryimage"},"image":{"@id":"https:\/\/proclass.com.br\/home\/som-para-editores-empresas\/#primaryimage"},"thumbnailUrl":"https:\/\/proclass.com.br\/home\/wp-content\/uploads\/2020\/05\/MINIATURA-CURSO-SOM-PARA-EDITORES-ONLINE-300x169.png","datePublished":"2016-12-29T20:22:40+00:00","dateModified":"2023-07-31T20:08:01+00:00","breadcrumb":{"@id":"https:\/\/proclass.com.br\/home\/som-para-editores-empresas\/#breadcrumb"},"inLanguage":"pt-BR","potentialAction":[{"@type":"ReadAction","target":["https:\/\/proclass.com.br\/home\/som-para-editores-empresas\/"]}]},{"@type":"ImageObject","inLanguage":"pt-BR","@id":"https:\/\/proclass.com.br\/home\/som-para-editores-empresas\/#primaryimage","url":"https:\/\/proclass.com.br\/home\/wp-content\/uploads\/2020\/05\/MINIATURA-CURSO-SOM-PARA-EDITORES-ONLINE.png","contentUrl":"https:\/\/proclass.com.br\/home\/wp-content\/uploads\/2020\/05\/MINIATURA-CURSO-SOM-PARA-EDITORES-ONLINE.png","width":1280,"height":720},{"@type":"BreadcrumbList","@id":"https:\/\/proclass.com.br\/home\/som-para-editores-empresas\/#breadcrumb","itemListElement":[{"@type":"ListItem","position":1,"name":"In\u00edcio","item":"https:\/\/proclass.com.br\/home\/"},{"@type":"ListItem","position":2,"name":"Som para editores &#8211; Para Grupos ou Empresas"}]},{"@type":"WebSite","@id":"https:\/\/proclass.com.br\/home\/#website","url":"https:\/\/proclass.com.br\/home\/","name":"PROCLASS","description":"CURSOS E TREINAMENTOS","publisher":{"@id":"https:\/\/proclass.com.br\/home\/#organization"},"potentialAction":[{"@type":"SearchAction","target":{"@type":"EntryPoint","urlTemplate":"https:\/\/proclass.com.br\/home\/?s={search_term_string}"},"query-input":{"@type":"PropertyValueSpecification","valueRequired":true,"valueName":"search_term_string"}}],"inLanguage":"pt-BR"},{"@type":"Organization","@id":"https:\/\/proclass.com.br\/home\/#organization","name":"PROCLASS","url":"https:\/\/proclass.com.br\/home\/","logo":{"@type":"ImageObject","inLanguage":"pt-BR","@id":"https:\/\/proclass.com.br\/home\/#\/schema\/logo\/image\/","url":"https:\/\/proclass.com.br\/home\/wp-content\/uploads\/2023\/06\/CABECALHO-black_PROCLASS-2023.png","contentUrl":"https:\/\/proclass.com.br\/home\/wp-content\/uploads\/2023\/06\/CABECALHO-black_PROCLASS-2023.png","width":2563,"height":911,"caption":"PROCLASS"},"image":{"@id":"https:\/\/proclass.com.br\/home\/#\/schema\/logo\/image\/"}}]}},"_links":{"self":[{"href":"https:\/\/proclass.com.br\/home\/wp-json\/wp\/v2\/pages\/6785","targetHints":{"allow":["GET"]}}],"collection":[{"href":"https:\/\/proclass.com.br\/home\/wp-json\/wp\/v2\/pages"}],"about":[{"href":"https:\/\/proclass.com.br\/home\/wp-json\/wp\/v2\/types\/page"}],"author":[{"embeddable":true,"href":"https:\/\/proclass.com.br\/home\/wp-json\/wp\/v2\/users\/4"}],"replies":[{"embeddable":true,"href":"https:\/\/proclass.com.br\/home\/wp-json\/wp\/v2\/comments?post=6785"}],"version-history":[{"count":0,"href":"https:\/\/proclass.com.br\/home\/wp-json\/wp\/v2\/pages\/6785\/revisions"}],"wp:attachment":[{"href":"https:\/\/proclass.com.br\/home\/wp-json\/wp\/v2\/media?parent=6785"}],"curies":[{"name":"wp","href":"https:\/\/api.w.org\/{rel}","templated":true}]}}