{"id":35,"date":"2012-08-18T16:34:30","date_gmt":"2012-08-18T19:34:30","guid":{"rendered":"http:\/\/proclass.com.br\/home\/?page_id=35"},"modified":"2021-06-18T17:23:32","modified_gmt":"2021-06-18T20:23:32","slug":"sibelius","status":"publish","type":"page","link":"https:\/\/proclass.com.br\/home\/cursos\/sibelius\/","title":{"rendered":"SIBELIUS"},"content":{"rendered":"<div id=\"pl-35\"  class=\"panel-layout\" ><div id=\"pg-35-0\"  class=\"panel-grid panel-has-style\" ><div class=\"siteorigin-panels-stretch panel-row-style panel-row-style-for-35-0\" data-stretch-type=\"full-stretched\" ><div id=\"pgc-35-0-0\"  class=\"panel-grid-cell\" ><div id=\"panel-35-0-0-0\" class=\"so-panel widget widget_sow-hero panel-first-child panel-last-child\" data-index=\"0\" ><div\n\t\t\t\n\t\t\tclass=\"so-widget-sow-hero so-widget-sow-hero-default-d933ac6ad890-35 so-widget-fittext-wrapper\"\n\t\t\t data-fit-text-compressor=\"0.85\"\n\t\t>\t\t\t\t<div class=\"sow-slider-base\" style=\"display: none\" tabindex=\"0\">\n\t\t\t\t\t<ul\n\t\t\t\t\tclass=\"sow-slider-images\"\n\t\t\t\t\tdata-settings=\"{&quot;pagination&quot;:true,&quot;speed&quot;:800,&quot;timeout&quot;:8000,&quot;paused&quot;:false,&quot;pause_on_hover&quot;:false,&quot;swipe&quot;:true,&quot;nav_always_show_desktop&quot;:&quot;&quot;,&quot;nav_always_show_mobile&quot;:&quot;&quot;,&quot;breakpoint&quot;:&quot;780px&quot;,&quot;unmute&quot;:false,&quot;anchor&quot;:null}\"\n\t\t\t\t\t\t\t\t\t\tdata-anchor-id=\"\"\n\t\t\t\t>\t\t<li class=\"sow-slider-image  sow-slider-image-cover\" style=\"visibility: visible;;background-color: #333333\" >\n\t\t\t\t\t<div class=\"sow-slider-image-container\">\n\t\t\t<div class=\"sow-slider-image-wrapper\">\n\t\t\t\t<h1 style=\"text-align: center\">Sibelius<\/h1><p style=\"text-align: center\">Treinamentos oficiais<\/p><p style=\"text-align: center\">\u00a0<\/p>\t\t\t<\/div>\n\t\t<\/div>\n\t\t<div class=\"sow-slider-image-overlay sow-slider-image-cover\" style=\"opacity: 0.41;background-image: url(https:\/\/proclass.com.br\/home\/wp-content\/uploads\/2012\/08\/Sibelius_Lifestyle.jpg)\"  ><\/div>\t\t<\/li>\n\t\t<\/ul>\t\t\t\t<ol class=\"sow-slider-pagination\">\n\t\t\t\t\t\t\t\t\t\t\t<li><a href=\"#\" data-goto=\"0\" aria-label=\"Display slide 1\"><\/a><\/li>\n\t\t\t\t\t\t\t\t\t<\/ol>\n\n\t\t\t\t<div class=\"sow-slide-nav sow-slide-nav-next\">\n\t\t\t\t\t<a href=\"#\" data-goto=\"next\" aria-label=\"Next slide\" data-action=\"next\">\n\t\t\t\t\t\t<em class=\"sow-sld-icon-thin-right\"><\/em>\n\t\t\t\t\t<\/a>\n\t\t\t\t<\/div>\n\n\t\t\t\t<div class=\"sow-slide-nav sow-slide-nav-prev\">\n\t\t\t\t\t<a href=\"#\" data-goto=\"previous\" aria-label=\"Previous slide\" data-action=\"prev\">\n\t\t\t\t\t\t<em class=\"sow-sld-icon-thin-left\"><\/em>\n\t\t\t\t\t<\/a>\n\t\t\t\t<\/div>\n\t\t\t\t<\/div><\/div><\/div><\/div><\/div><\/div><div id=\"pg-35-1\"  class=\"panel-grid panel-has-style\" ><div class=\"siteorigin-panels-stretch panel-row-style panel-row-style-for-35-1\" data-stretch-type=\"full\" ><div id=\"pgc-35-1-0\"  class=\"panel-grid-cell\" ><div id=\"panel-35-1-0-0\" class=\"so-panel widget widget_sow-headline panel-first-child panel-last-child\" data-index=\"1\" ><div class=\"panel-widget-style panel-widget-style-for-35-1-0-0\" ><div\n\t\t\t\n\t\t\tclass=\"so-widget-sow-headline so-widget-sow-headline-default-8c430a345832-35\"\n\t\t\t\n\t\t><div class=\"sow-headline-container \">\n\t\t\t\t\t\t\t<h1 class=\"sow-headline\">\n\t\t\t\t\t\tSibelius e a ProClass\t\t\t\t\t\t<\/h1>\n\t\t\t\t\t\t\t\t\t\t\t\t<h3 class=\"sow-sub-headline\">\n\t\t\t\t\t\tA ProClass foi a pioneira e ainda \u00e9 \u00fanica escola do Brasil homologada pela Avid a realizar os cursos de certifica\u00e7\u00e3o oficial em Sibelius. \u00c9 l\u00edder no mercado internacional, \u00e9 voltado a m\u00fasicos, compositores, arranjadores, professores e estudantes de m\u00fasica de todos os n\u00edveis. Curso realizado em turmas fechadas, para grupos ou empresas, com hor\u00e1rio marcado previamente\t\t\t\t\t\t<\/h3>\n\t\t\t\t\t\t<\/div>\n<\/div><\/div><\/div><\/div><\/div><\/div><div id=\"pg-35-2\"  class=\"panel-grid panel-no-style\" ><div id=\"pgc-35-2-0\"  class=\"panel-grid-cell\" ><div id=\"panel-35-2-0-0\" class=\"so-panel widget widget_sow-editor panel-first-child panel-last-child\" data-index=\"2\" ><div\n\t\t\t\n\t\t\tclass=\"so-widget-sow-editor so-widget-sow-editor-base\"\n\t\t\t\n\t\t>\n<div class=\"siteorigin-widget-tinymce textwidget\">\n\t<p><img decoding=\"async\" class=\"aligncenter wp-image-7605\" src=\"http:\/\/proclass.com.br\/home\/wp-content\/uploads\/2012\/08\/ALP_Professional-transparent-1024x129.png\" alt=\"\" width=\"609\" height=\"77\" srcset=\"https:\/\/proclass.com.br\/home\/wp-content\/uploads\/2012\/08\/ALP_Professional-transparent-1024x129.png 1024w, https:\/\/proclass.com.br\/home\/wp-content\/uploads\/2012\/08\/ALP_Professional-transparent-300x38.png 300w, https:\/\/proclass.com.br\/home\/wp-content\/uploads\/2012\/08\/ALP_Professional-transparent-768x97.png 768w, https:\/\/proclass.com.br\/home\/wp-content\/uploads\/2012\/08\/ALP_Professional-transparent.png 1207w\" sizes=\"(max-width: 609px) 100vw, 609px\" \/><\/p>\n<p>&nbsp;<\/p>\n<h2><strong>Sibelius N\u00edvel 100 - Curso Oficial Avid<\/strong><\/h2>\n<p>Este \u00e9 o treinamento oficial em Sibelius, e corresponde ao m\u00f3dulo 100. O curso \u00e9 muito completo, e estimula o aluno a incorporar as ferramentas e t\u00e9cnicas avan\u00e7adas de escrita, edi\u00e7\u00e3o e produ\u00e7\u00e3o de som no Sibelius. Ao concluir o curso e passar nos exames, o aluno recebe a certifica\u00e7\u00e3o oficial: Sibelius Certified User.<\/p>\n<p><span style=\"text-decoration: underline;\">A certifica\u00e7\u00e3o oficial \u00e9 opcional e deve ser paga \u00e0 parte<\/span>.<\/p>\n<p>Curso realizado em turmas fechadas, para grupos ou empresas, com hor\u00e1rio marcado previamente. Entre em contato para solicitar um or\u00e7amento: info@proclass.com.br<\/p>\n<\/div>\n<\/div><\/div><\/div><\/div><div id=\"pg-35-3\"  class=\"panel-grid panel-no-style\" ><div id=\"pgc-35-3-0\"  class=\"panel-grid-cell panel-grid-cell-empty\" ><\/div><div id=\"pgc-35-3-1\"  class=\"panel-grid-cell panel-grid-cell-mobile-last\" ><div id=\"panel-35-3-1-0\" class=\"so-panel widget widget_sow-editor panel-first-child panel-last-child\" data-index=\"3\" ><div\n\t\t\t\n\t\t\tclass=\"so-widget-sow-editor so-widget-sow-editor-base\"\n\t\t\t\n\t\t>\n<div class=\"siteorigin-widget-tinymce textwidget\">\n\t<p><img decoding=\"async\" class=\"aligncenter wp-image-6696 size-medium\" src=\"http:\/\/proclass.com.br\/home\/wp-content\/uploads\/2012\/08\/sibelius-certified-logo-300x157.png\" width=\"300\" height=\"157\" srcset=\"https:\/\/proclass.com.br\/home\/wp-content\/uploads\/2012\/08\/sibelius-certified-logo-300x157.png 300w, https:\/\/proclass.com.br\/home\/wp-content\/uploads\/2012\/08\/sibelius-certified-logo.png 363w\" sizes=\"(max-width: 300px) 100vw, 300px\" \/><\/p>\n<p style=\"text-align: center;\"><div id=\"accordions-6695\" class=\"accordions-6695 accordions\" data-accordions={&quot;lazyLoad&quot;:false,&quot;id&quot;:&quot;6695&quot;,&quot;event&quot;:&quot;mouseover&quot;,&quot;collapsible&quot;:&quot;true&quot;,&quot;heightStyle&quot;:&quot;content&quot;,&quot;animateStyle&quot;:&quot;swing&quot;,&quot;animateDelay&quot;:1000,&quot;navigation&quot;:true,&quot;active&quot;:999,&quot;expandedOther&quot;:&quot;no&quot;}>\r\n                <div class=\"items\" >\r\n    \r\n            <div post_id=\"6695\" itemcount=\"0\"  header_id=\"header-1482874684735\" id=\"header-1482874684735\" style=\"\" class=\"accordions-head head1482874684735 border-none\" toggle-text=\"\" main-text=\"Objetivos\">\r\n                                    <span id=\"accordion-icons-1482874684735\" class=\"accordion-icons\">\r\n                        <span class=\"accordion-icon-active accordion-plus\"><i class=\"fa fa-plus-square\"><\/i><\/span>\r\n                        <span class=\"accordion-icon-inactive accordion-minus\"><i class=\"fa fa-minus-square\"><\/i><\/span>\r\n                    <\/span>\r\n                    <span id=\"header-text-1482874684735\" class=\"accordions-head-title\">Objetivos<\/span>\r\n                            <\/div>\r\n            <div class=\"accordion-content content1482874684735 \">\r\n                <p>Reconhecer cada setor da interface do Sibelius<\/p>\n<p>Escrever utilizando m\u00e9todos com teclado QWERTY, mouse e teclado MIDI<\/p>\n<p>Entender o processo de adi\u00e7\u00e3o de s\u00edmbolos, textos e cifras numa grade e em parts<\/p>\n<p>Executar tarefas de edi\u00e7\u00e3o como copiar, cortar, repetir e mover elementos da partitura<\/p>\n<p>Aprender a ajustar a formata\u00e7\u00e3o e diagrama\u00e7\u00e3o da partitura para impress\u00e3o<\/p>\n<p>Conhecer os principais m\u00e9todos de distribui\u00e7\u00e3o e entrega de partituras<\/p>\n<p>Escrever nota\u00e7\u00e3o musical avan\u00e7ada especifica de express\u00e3o, articula\u00e7\u00e3o,\u00a0t\u00e9cnicas, estrutura e textos<\/p>\n<p>Integrar ferramentas avan\u00e7adas como filtros, ideas hub, revisions etc no fluxo de trabalho<\/p>\n<p>Configurar prefer\u00eancias, instrumentos, regras de formata\u00e7\u00e3o, HouseStyle e Manuscript Paper<\/p>\n<p>Preparar o aluno a utilizar todos os recursos para trabalhar com v\u00eddeo no\u00a0Sibelius<\/p>\n<p>&nbsp;<\/p>\n            <\/div>\r\n    \r\n            <div post_id=\"6695\" itemcount=\"1\"  header_id=\"header-1482874772686\" id=\"header-1482874772686\" style=\"\" class=\"accordions-head head1482874772686 border-none\" toggle-text=\"\" main-text=\"Conte\u00fados\">\r\n                                    <span id=\"accordion-icons-1482874772686\" class=\"accordion-icons\">\r\n                        <span class=\"accordion-icon-active accordion-plus\"><i class=\"fa fa-plus-square\"><\/i><\/span>\r\n                        <span class=\"accordion-icon-inactive accordion-minus\"><i class=\"fa fa-minus-square\"><\/i><\/span>\r\n                    <\/span>\r\n                    <span id=\"header-text-1482874772686\" class=\"accordions-head-title\">Conte\u00fados<\/span>\r\n                            <\/div>\r\n            <div class=\"accordion-content content1482874772686 \">\r\n                <p>&nbsp;<\/p>\n<p>Vis\u00e3o geral do software, caracter\u00edsticas e funcionalidades<\/p>\n<p>Maneiras de utilizar por compositores, arranjadores, professores e estudanttes<\/p>\n<p>Escrita musical com mouse e com teclado QWERTY<\/p>\n<p>MIDI \u2013 Grava\u00e7\u00e3o de execu\u00e7\u00e3o musical<\/p>\n<p>Playback \u2013 Funcionamento e ferramentas<\/p>\n<p>Edi\u00e7\u00e3o \u2013 aprendendo a economizar tempo<\/p>\n<p>Mixer \u2013 funcionamentto e conceitos de mixagem<\/p>\n<p>Tipos de finaliza\u00e7\u00e3o: impress\u00e3o, \u00e1udio e exporta\u00e7\u00e3o de gr\u00e1ficos<\/p>\n<p>Importa\u00e7\u00e3o e exporta\u00e7\u00e3o de MIDI files<\/p>\n<p>Utiliza\u00e7\u00e3o de vers\u00f5es e ideas Hub<\/p>\n<p>Configura\u00e7\u00e3o de atalhos<\/p>\n<p>Configura\u00e7\u00e3o de prefer\u00eancias<\/p>\n<p>Playback Dictionary<\/p>\n<p>Nota\u00e7\u00e3o musical de instrumentos de percuss\u00e3o<\/p>\n<p>Estrutura\u00e7\u00e3o musical: Ritornello, casas de repeti\u00e7\u00e3o, coda etc<\/p>\n<p>Nota\u00e7\u00e3o musical em m\u00faltiplas vozes<\/p>\n<p>Acordes, S\u00edmbolos, e dicion\u00e1rio<\/p>\n<p>Letras de m\u00fasica<\/p>\n<p>Apojatura<\/p>\n<p>Document Layout e Engraving Rules: Ajustes para impress\u00e3o<\/p>\n<p>HouseStyle<\/p>\n<p>Entendendo Dynamic Parts<\/p>\n<p>Sele\u00e7\u00e3o com filtros<\/p>\n<p>Trabalho com v\u00eddeo no Sibelius<\/p>\n<p>Timecode e Hit Points<\/p>\n<p>T\u00e9cnicas de sincronismo musical ao visual<\/p>\n<p>Formata\u00e7\u00e3o de Dynamic Parts<\/p>\n<p>Importa\u00e7\u00e3o MusicXML<\/p>\n<p>Worksheets<\/p>\n<p>Tablatura<\/p>\n<p>Nota\u00e7\u00e3o musical para instrumentos de percuss\u00e3o<\/p>\n<p>Jazz Articulations<\/p>\n<p>Plug-ins<\/p>\n<p>Rewire<\/p>\n<p>Power Tools: Arrange<\/p>\n            <\/div>\r\n    <\/div>\r\n\r\n\r\n\r\n            <\/div><\/p>\n<p>&nbsp;<\/p>\n<\/div>\n<\/div><\/div><\/div><div id=\"pgc-35-3-2\"  class=\"panel-grid-cell panel-grid-cell-empty\" ><\/div><\/div><\/div>","protected":false},"excerpt":{"rendered":"<p>SibeliusTreinamentos oficiais\u00a0 Sibelius e a ProClass A ProClass foi a pioneira e ainda \u00e9 \u00fanica escola do Brasil homologada pela Avid a realizar os cursos de certifica\u00e7\u00e3o oficial em Sibelius. \u00c9 l\u00edder no mercado internacional, \u00e9 voltado a m\u00fasicos, compositores, arranjadores, professores e estudantes de m\u00fasica de todos os n\u00edveis. Curso realizado em turmas fechadas,Continue reading &rarr;<\/p>\n","protected":false},"author":4,"featured_media":0,"parent":7277,"menu_order":3,"comment_status":"closed","ping_status":"open","template":"","meta":{"footnotes":""},"class_list":["post-35","page","type-page","status-publish","hentry","no-thumb"],"yoast_head":"<!-- This site is optimized with the Yoast SEO plugin v26.9 - https:\/\/yoast.com\/product\/yoast-seo-wordpress\/ -->\n<title>SIBELIUS - PROCLASS<\/title>\n<meta name=\"robots\" content=\"index, follow, max-snippet:-1, max-image-preview:large, max-video-preview:-1\" \/>\n<link rel=\"canonical\" href=\"https:\/\/proclass.com.br\/home\/cursos\/sibelius\/\" \/>\n<meta property=\"og:locale\" content=\"pt_BR\" \/>\n<meta property=\"og:type\" content=\"article\" \/>\n<meta property=\"og:title\" content=\"SIBELIUS - PROCLASS\" \/>\n<meta property=\"og:description\" content=\"SibeliusTreinamentos oficiais\u00a0 Sibelius e a ProClass A ProClass foi a pioneira e ainda \u00e9 \u00fanica escola do Brasil homologada pela Avid a realizar os cursos de certifica\u00e7\u00e3o oficial em Sibelius. \u00c9 l\u00edder no mercado internacional, \u00e9 voltado a m\u00fasicos, compositores, arranjadores, professores e estudantes de m\u00fasica de todos os n\u00edveis. Curso realizado em turmas fechadas,Continue reading &rarr;\" \/>\n<meta property=\"og:url\" content=\"https:\/\/proclass.com.br\/home\/cursos\/sibelius\/\" \/>\n<meta property=\"og:site_name\" content=\"PROCLASS\" \/>\n<meta property=\"article:modified_time\" content=\"2021-06-18T20:23:32+00:00\" \/>\n<meta property=\"og:image\" content=\"https:\/\/proclass.com.br\/home\/wp-content\/uploads\/2012\/08\/ALP_Professional-transparent.png\" \/>\n\t<meta property=\"og:image:width\" content=\"1207\" \/>\n\t<meta property=\"og:image:height\" content=\"152\" \/>\n\t<meta property=\"og:image:type\" content=\"image\/png\" \/>\n<meta name=\"twitter:card\" content=\"summary_large_image\" \/>\n<meta name=\"twitter:label1\" content=\"Est. tempo de leitura\" \/>\n\t<meta name=\"twitter:data1\" content=\"1 minuto\" \/>\n<script type=\"application\/ld+json\" class=\"yoast-schema-graph\">{\"@context\":\"https:\/\/schema.org\",\"@graph\":[{\"@type\":\"WebPage\",\"@id\":\"https:\/\/proclass.com.br\/home\/cursos\/sibelius\/\",\"url\":\"https:\/\/proclass.com.br\/home\/cursos\/sibelius\/\",\"name\":\"SIBELIUS - PROCLASS\",\"isPartOf\":{\"@id\":\"https:\/\/proclass.com.br\/home\/#website\"},\"primaryImageOfPage\":{\"@id\":\"https:\/\/proclass.com.br\/home\/cursos\/sibelius\/#primaryimage\"},\"image\":{\"@id\":\"https:\/\/proclass.com.br\/home\/cursos\/sibelius\/#primaryimage\"},\"thumbnailUrl\":\"http:\/\/proclass.com.br\/home\/wp-content\/uploads\/2012\/08\/ALP_Professional-transparent-1024x129.png\",\"datePublished\":\"2012-08-18T19:34:30+00:00\",\"dateModified\":\"2021-06-18T20:23:32+00:00\",\"breadcrumb\":{\"@id\":\"https:\/\/proclass.com.br\/home\/cursos\/sibelius\/#breadcrumb\"},\"inLanguage\":\"pt-BR\",\"potentialAction\":[{\"@type\":\"ReadAction\",\"target\":[\"https:\/\/proclass.com.br\/home\/cursos\/sibelius\/\"]}]},{\"@type\":\"ImageObject\",\"inLanguage\":\"pt-BR\",\"@id\":\"https:\/\/proclass.com.br\/home\/cursos\/sibelius\/#primaryimage\",\"url\":\"https:\/\/proclass.com.br\/home\/wp-content\/uploads\/2012\/08\/ALP_Professional-transparent.png\",\"contentUrl\":\"https:\/\/proclass.com.br\/home\/wp-content\/uploads\/2012\/08\/ALP_Professional-transparent.png\",\"width\":1207,\"height\":152},{\"@type\":\"BreadcrumbList\",\"@id\":\"https:\/\/proclass.com.br\/home\/cursos\/sibelius\/#breadcrumb\",\"itemListElement\":[{\"@type\":\"ListItem\",\"position\":1,\"name\":\"In\u00edcio\",\"item\":\"https:\/\/proclass.com.br\/home\/\"},{\"@type\":\"ListItem\",\"position\":2,\"name\":\"CURSOS\",\"item\":\"https:\/\/proclass.com.br\/home\/cursos\/\"},{\"@type\":\"ListItem\",\"position\":3,\"name\":\"SIBELIUS\"}]},{\"@type\":\"WebSite\",\"@id\":\"https:\/\/proclass.com.br\/home\/#website\",\"url\":\"https:\/\/proclass.com.br\/home\/\",\"name\":\"PROCLASS\",\"description\":\"CURSOS E TREINAMENTOS\",\"publisher\":{\"@id\":\"https:\/\/proclass.com.br\/home\/#organization\"},\"potentialAction\":[{\"@type\":\"SearchAction\",\"target\":{\"@type\":\"EntryPoint\",\"urlTemplate\":\"https:\/\/proclass.com.br\/home\/?s={search_term_string}\"},\"query-input\":{\"@type\":\"PropertyValueSpecification\",\"valueRequired\":true,\"valueName\":\"search_term_string\"}}],\"inLanguage\":\"pt-BR\"},{\"@type\":\"Organization\",\"@id\":\"https:\/\/proclass.com.br\/home\/#organization\",\"name\":\"PROCLASS\",\"url\":\"https:\/\/proclass.com.br\/home\/\",\"logo\":{\"@type\":\"ImageObject\",\"inLanguage\":\"pt-BR\",\"@id\":\"https:\/\/proclass.com.br\/home\/#\/schema\/logo\/image\/\",\"url\":\"https:\/\/proclass.com.br\/home\/wp-content\/uploads\/2023\/06\/CABECALHO-black_PROCLASS-2023.png\",\"contentUrl\":\"https:\/\/proclass.com.br\/home\/wp-content\/uploads\/2023\/06\/CABECALHO-black_PROCLASS-2023.png\",\"width\":2563,\"height\":911,\"caption\":\"PROCLASS\"},\"image\":{\"@id\":\"https:\/\/proclass.com.br\/home\/#\/schema\/logo\/image\/\"}}]}<\/script>\n<!-- \/ Yoast SEO plugin. -->","yoast_head_json":{"title":"SIBELIUS - PROCLASS","robots":{"index":"index","follow":"follow","max-snippet":"max-snippet:-1","max-image-preview":"max-image-preview:large","max-video-preview":"max-video-preview:-1"},"canonical":"https:\/\/proclass.com.br\/home\/cursos\/sibelius\/","og_locale":"pt_BR","og_type":"article","og_title":"SIBELIUS - PROCLASS","og_description":"SibeliusTreinamentos oficiais\u00a0 Sibelius e a ProClass A ProClass foi a pioneira e ainda \u00e9 \u00fanica escola do Brasil homologada pela Avid a realizar os cursos de certifica\u00e7\u00e3o oficial em Sibelius. \u00c9 l\u00edder no mercado internacional, \u00e9 voltado a m\u00fasicos, compositores, arranjadores, professores e estudantes de m\u00fasica de todos os n\u00edveis. Curso realizado em turmas fechadas,Continue reading &rarr;","og_url":"https:\/\/proclass.com.br\/home\/cursos\/sibelius\/","og_site_name":"PROCLASS","article_modified_time":"2021-06-18T20:23:32+00:00","og_image":[{"width":1207,"height":152,"url":"https:\/\/proclass.com.br\/home\/wp-content\/uploads\/2012\/08\/ALP_Professional-transparent.png","type":"image\/png"}],"twitter_card":"summary_large_image","twitter_misc":{"Est. tempo de leitura":"1 minuto"},"schema":{"@context":"https:\/\/schema.org","@graph":[{"@type":"WebPage","@id":"https:\/\/proclass.com.br\/home\/cursos\/sibelius\/","url":"https:\/\/proclass.com.br\/home\/cursos\/sibelius\/","name":"SIBELIUS - PROCLASS","isPartOf":{"@id":"https:\/\/proclass.com.br\/home\/#website"},"primaryImageOfPage":{"@id":"https:\/\/proclass.com.br\/home\/cursos\/sibelius\/#primaryimage"},"image":{"@id":"https:\/\/proclass.com.br\/home\/cursos\/sibelius\/#primaryimage"},"thumbnailUrl":"http:\/\/proclass.com.br\/home\/wp-content\/uploads\/2012\/08\/ALP_Professional-transparent-1024x129.png","datePublished":"2012-08-18T19:34:30+00:00","dateModified":"2021-06-18T20:23:32+00:00","breadcrumb":{"@id":"https:\/\/proclass.com.br\/home\/cursos\/sibelius\/#breadcrumb"},"inLanguage":"pt-BR","potentialAction":[{"@type":"ReadAction","target":["https:\/\/proclass.com.br\/home\/cursos\/sibelius\/"]}]},{"@type":"ImageObject","inLanguage":"pt-BR","@id":"https:\/\/proclass.com.br\/home\/cursos\/sibelius\/#primaryimage","url":"https:\/\/proclass.com.br\/home\/wp-content\/uploads\/2012\/08\/ALP_Professional-transparent.png","contentUrl":"https:\/\/proclass.com.br\/home\/wp-content\/uploads\/2012\/08\/ALP_Professional-transparent.png","width":1207,"height":152},{"@type":"BreadcrumbList","@id":"https:\/\/proclass.com.br\/home\/cursos\/sibelius\/#breadcrumb","itemListElement":[{"@type":"ListItem","position":1,"name":"In\u00edcio","item":"https:\/\/proclass.com.br\/home\/"},{"@type":"ListItem","position":2,"name":"CURSOS","item":"https:\/\/proclass.com.br\/home\/cursos\/"},{"@type":"ListItem","position":3,"name":"SIBELIUS"}]},{"@type":"WebSite","@id":"https:\/\/proclass.com.br\/home\/#website","url":"https:\/\/proclass.com.br\/home\/","name":"PROCLASS","description":"CURSOS E TREINAMENTOS","publisher":{"@id":"https:\/\/proclass.com.br\/home\/#organization"},"potentialAction":[{"@type":"SearchAction","target":{"@type":"EntryPoint","urlTemplate":"https:\/\/proclass.com.br\/home\/?s={search_term_string}"},"query-input":{"@type":"PropertyValueSpecification","valueRequired":true,"valueName":"search_term_string"}}],"inLanguage":"pt-BR"},{"@type":"Organization","@id":"https:\/\/proclass.com.br\/home\/#organization","name":"PROCLASS","url":"https:\/\/proclass.com.br\/home\/","logo":{"@type":"ImageObject","inLanguage":"pt-BR","@id":"https:\/\/proclass.com.br\/home\/#\/schema\/logo\/image\/","url":"https:\/\/proclass.com.br\/home\/wp-content\/uploads\/2023\/06\/CABECALHO-black_PROCLASS-2023.png","contentUrl":"https:\/\/proclass.com.br\/home\/wp-content\/uploads\/2023\/06\/CABECALHO-black_PROCLASS-2023.png","width":2563,"height":911,"caption":"PROCLASS"},"image":{"@id":"https:\/\/proclass.com.br\/home\/#\/schema\/logo\/image\/"}}]}},"_links":{"self":[{"href":"https:\/\/proclass.com.br\/home\/wp-json\/wp\/v2\/pages\/35","targetHints":{"allow":["GET"]}}],"collection":[{"href":"https:\/\/proclass.com.br\/home\/wp-json\/wp\/v2\/pages"}],"about":[{"href":"https:\/\/proclass.com.br\/home\/wp-json\/wp\/v2\/types\/page"}],"author":[{"embeddable":true,"href":"https:\/\/proclass.com.br\/home\/wp-json\/wp\/v2\/users\/4"}],"replies":[{"embeddable":true,"href":"https:\/\/proclass.com.br\/home\/wp-json\/wp\/v2\/comments?post=35"}],"version-history":[{"count":0,"href":"https:\/\/proclass.com.br\/home\/wp-json\/wp\/v2\/pages\/35\/revisions"}],"up":[{"embeddable":true,"href":"https:\/\/proclass.com.br\/home\/wp-json\/wp\/v2\/pages\/7277"}],"wp:attachment":[{"href":"https:\/\/proclass.com.br\/home\/wp-json\/wp\/v2\/media?parent=35"}],"curies":[{"name":"wp","href":"https:\/\/api.w.org\/{rel}","templated":true}]}}