{"version":"1.0","provider_name":"PROCLASS","provider_url":"https:\/\/proclass.com.br\/home","title":"Efeitos de \u00e1udio no Avid Media Composer - PROCLASS","type":"rich","width":600,"height":338,"html":"<blockquote class=\"wp-embedded-content\" data-secret=\"tr7X2jj6Bp\"><a href=\"https:\/\/proclass.com.br\/home\/2018\/06\/efeitos-de-audio-no-avid-media-composer\/\">Efeitos de \u00e1udio no Avid Media Composer<\/a><\/blockquote><iframe sandbox=\"allow-scripts\" security=\"restricted\" src=\"https:\/\/proclass.com.br\/home\/2018\/06\/efeitos-de-audio-no-avid-media-composer\/embed\/#?secret=tr7X2jj6Bp\" width=\"600\" height=\"338\" title=\"&#8220;Efeitos de \u00e1udio no Avid Media Composer&#8221; &#8212; PROCLASS\" data-secret=\"tr7X2jj6Bp\" frameborder=\"0\" marginwidth=\"0\" marginheight=\"0\" scrolling=\"no\" class=\"wp-embedded-content\"><\/iframe><script type=\"text\/javascript\">\n\/* <![CDATA[ *\/\n\/*! This file is auto-generated *\/\n!function(d,l){\"use strict\";l.querySelector&&d.addEventListener&&\"undefined\"!=typeof URL&&(d.wp=d.wp||{},d.wp.receiveEmbedMessage||(d.wp.receiveEmbedMessage=function(e){var t=e.data;if((t||t.secret||t.message||t.value)&&!\/[^a-zA-Z0-9]\/.test(t.secret)){for(var s,r,n,a=l.querySelectorAll('iframe[data-secret=\"'+t.secret+'\"]'),o=l.querySelectorAll('blockquote[data-secret=\"'+t.secret+'\"]'),c=new RegExp(\"^https?:$\",\"i\"),i=0;i<o.length;i++)o[i].style.display=\"none\";for(i=0;i<a.length;i++)s=a[i],e.source===s.contentWindow&&(s.removeAttribute(\"style\"),\"height\"===t.message?(1e3<(r=parseInt(t.value,10))?r=1e3:~~r<200&&(r=200),s.height=r):\"link\"===t.message&&(r=new URL(s.getAttribute(\"src\")),n=new URL(t.value),c.test(n.protocol))&&n.host===r.host&&l.activeElement===s&&(d.top.location.href=t.value))}},d.addEventListener(\"message\",d.wp.receiveEmbedMessage,!1),l.addEventListener(\"DOMContentLoaded\",function(){for(var e,t,s=l.querySelectorAll(\"iframe.wp-embedded-content\"),r=0;r<s.length;r++)(t=(e=s[r]).getAttribute(\"data-secret\"))||(t=Math.random().toString(36).substring(2,12),e.src+=\"#?secret=\"+t,e.setAttribute(\"data-secret\",t)),e.contentWindow.postMessage({message:\"ready\",secret:t},\"*\")},!1)))}(window,document);\n\/\/# sourceURL=https:\/\/proclass.com.br\/home\/wp-includes\/js\/wp-embed.min.js\n\/* ]]> *\/\n<\/script>\n","thumbnail_url":"https:\/\/proclass.com.br\/home\/wp-content\/uploads\/2018\/06\/Fig.-5-Dyn3-Equalizer.png","thumbnail_width":1434,"thumbnail_height":1124,"description":"Artigo publicado na Revista Luz e Cena Para conhecer mais sobre a revista,\u00a0clique aqui. Para treinamentos e certifica\u00e7\u00f5es oficiais Avid Media Composer, clique aqui. Conhe\u00e7a alguns dos principais processadores inclu\u00eddos Em edi\u00e7\u00f5es anteriores, vimos as possibilidades de recursos de \u00e1udio do Avid Media Composer. Sendo da mesma empresa desenvolvedora do Pro Tools, a equipe deContinue reading &rarr;"}

Efeitos de áudio no Avid Media Composer - PROCLASS

<blockquote class="wp-embedded-content" data-secret="tr7X2jj6Bp"><a href="https://proclass.com.br/home/2018/06/efeitos-de-audio-no-avid-media-composer/">Efeitos de áudio no Avid Media Composer</a></blockquote><iframe sandbox="allow-scripts" security="restricted" src="https://proclass.com.br/home/2018/06/efeitos-de-audio-no-avid-media-composer/embed/#?secret=tr7X2jj6Bp" width="600" height="338" title="&#8220;Efeitos de áudio no Avid Media Composer&#8221; &#8212; PROCLASS" data-secret="tr7X2jj6Bp" frameborder="0" marginwidth="0" marginheight="0" scrolling="no" class="wp-embedded-content"></iframe><script type="text/javascript">
/* <![CDATA[ */
/*! This file is auto-generated */
!function(d,l){"use strict";l.querySelector&&d.addEventListener&&"undefined"!=typeof URL&&(d.wp=d.wp||{},d.wp.receiveEmbedMessage||(d.wp.receiveEmbedMessage=function(e){var t=e.data;if((t||t.secret||t.message||t.value)&&!/[^a-zA-Z0-9]/.test(t.secret)){for(var s,r,n,a=l.querySelectorAll('iframe[data-secret="'+t.secret+'"]'),o=l.querySelectorAll('blockquote[data-secret="'+t.secret+'"]'),c=new RegExp("^https?:$","i"),i=0;i<o.length;i++)o[i].style.display="none";for(i=0;i<a.length;i++)s=a[i],e.source===s.contentWindow&&(s.removeAttribute("style"),"height"===t.message?(1e3<(r=parseInt(t.value,10))?r=1e3:~~r<200&&(r=200),s.height=r):"link"===t.message&&(r=new URL(s.getAttribute("src")),n=new URL(t.value),c.test(n.protocol))&&n.host===r.host&&l.activeElement===s&&(d.top.location.href=t.value))}},d.addEventListener("message",d.wp.receiveEmbedMessage,!1),l.addEventListener("DOMContentLoaded",function(){for(var e,t,s=l.querySelectorAll("iframe.wp-embedded-content"),r=0;r<s.length;r++)(t=(e=s[r]).getAttribute("data-secret"))||(t=Math.random().toString(36).substring(2,12),e.src+="#?secret="+t,e.setAttribute("data-secret",t)),e.contentWindow.postMessage({message:"ready",secret:t},"*")},!1)))}(window,document);
//# sourceURL=https://proclass.com.br/home/wp-includes/js/wp-embed.min.js
/* ]]> */
</script>

Artigo publicado na Revista Luz e Cena Para conhecer mais sobre a revista, clique aqui. Para treinamentos e certificações oficiais Avid Media Composer, clique aqui. Conheça alguns dos principais processadores incluídos Em edições anteriores, vimos as possibilidades de recursos de áudio do Avid Media Composer. Sendo da mesma empresa desenvolvedora do Pro Tools, a equipe deContinue reading &rarr;
